
Let c(g) = g**3 + 5*g**2 - 7*g - 7. Let p be c(-6). Let m be 3*p/(-3) - -5. List the prime factors of 3/2*8/m.
2
Suppose -3*q + 25 = -5*j + 2*q, 15 = -5*j - 5*q. Let i(w) = -9*w - 1. What are the prime factors of i(j)?
5, 7
What are the prime factors of ((-4)/(-12))/(2/(-6)) - -87?
2, 43
Let l = 13 + 1. Let k = 8 - l. Let o(g) = -g**3 - 6*g**2 - 2*g - 5. List the prime factors of o(k).
7
Suppose -2*m + 0 + 10 = 0. Let z(n) = 3 + 10*n + n**3 + 2*n**2 - m - 11*n. List the prime factors of z(2).
2, 3
Let b(j) = -j**3 - 5*j**2 - j + 2. Let w = -9 - -4. List the prime factors of b(w).
7
Let s = 9 - 5. Suppose -4 = -s*h, -3*h - 3 = -5*v + 3*v. Suppose 2*k - v*m = 22, -m = k + 3*m. List the prime factors of k.
2
Let d(q) = -1 + 3*q - 6 - 5 + 8 + 2*q**2. What are the prime factors of d(3)?
23
Let i = 7 - 7. Suppose i = 4*c - 7 - 9. Suppose 2*z = c*t - 40, t - 15 + 5 = -z. List the prime factors of t.
2, 5
Let g = 311 + -131. List the prime factors of g/(-8)*(-4)/6.
3, 5
Suppose 0 = 3*m - 67 + 1. Let l be m/(-8) - 1/4. What are the prime factors of (10 - (-2 - l)) + -3?
2, 3
Let n(c) be the third derivative of c**6/60 - c**4/12 + 2*c**3/3 - 4*c**2. What are the prime factors of n(2)?
2
Suppose -2*z = -7*z + 100. Let v = z - 12. What are the prime factors of v?
2
Suppose 3*n + 3*x + 274 = -x, -5*n + 4*x - 478 = 0. List the prime factors of (-10)/(-50) - n/5.
19
Suppose -3*h + 87 = 222. Let c be (-2)/8 - h/4. Suppose 0*j + 3*x - 44 = -4*j, j - x = c. What are the prime factors of j?
11
Suppose 2*c - 4*i - 40 = 0, -2*i - 15 = 3*i. Suppose -3*x + 34 = -g, x + 5*g - c = 4*g. Suppose 0 = 2*f + 2 - x. What are the prime factors of f?
5
Suppose -2*b = -0*b - 4. Let p = -5 - -12. What are the prime factors of b/3*(p + -1)?
2
Let r(c) = 2*c**2 - 10*c. Suppose -2*h = -4 - 10. What are the prime factors of r(h)?
2, 7
Let m = -4 - -6. Let c(o) = 1 + 0*o**m + o**2 + o**2 + o. List the prime factors of c(-1).
2
Let k(s) = 3*s - 9. Let q(y) = -10*y + 26. Let m(w) = -7*k(w) - 2*q(w). Let l(i) = -i**3 + i**2 + 4*i - 4. Let x be l(3). What are the prime factors of m(x)?
3, 7
Let h = -30 - -57. What are the prime factors of h?
3
What are the prime factors of 52*(6/(-15))/(4/(-20))?
2, 13
Let d = 19 - -6. List the prime factors of d.
5
Suppose 2*h - 7 + 3 = 0. List the prime factors of 12 - (-4 + (h - -1)).
13
Let l(o) = 2*o**3 - 7*o**2 + 9*o - 7. Let q(p) = -p**3 + 3*p**2 - 4*p + 4. Let i(h) = -6*l(h) - 11*q(h). What are the prime factors of i(7)?
2, 13
Suppose 0 = -w + 4*t + 122, -6*t = -2*t + 16. List the prime factors of w.
2, 53
Let z = -45 + 30. What are the prime factors of (3/2)/(z/(-40))?
2
Let i(z) = -6*z**3 - 9*z**2 - 6*z. Let h(d) = d**3 + 2*d + 3*d**3 + 3*d**2 + 2*d + 3*d**2. Let r(w) = -8*h(w) - 5*i(w). List the prime factors of r(-2).
2
Let x(r) = r**3 + 5*r**2 - 8*r - 9. Let v be x(-6). What are the prime factors of 28/2 - (4 - v)?
13
Suppose 2*k - 4*u = 274, 2*k + u - 157 - 102 = 0. What are the prime factors of k?
131
Let w = -4 + 6. Suppose -10 = -4*h + w. What are the prime factors of h?
3
Let f(u) = 7*u - 12. Let k(q) = 15*q - 25. Let w(p) = 13*f(p) - 6*k(p). Let l be w(7). List the prime factors of l/(-4) + 260/16.
2
Suppose -2*z - z + 528 = 0. What are the prime factors of z?
2, 11
Let u(i) = -i**3 - 5*i**2 - i. Let h be u(-5). Let x(z) = -z + 7. Let c be x(h). Suppose -3*v - c*v + 20 = 0. What are the prime factors of v?
2
Let g be (-22)/6 - (-3)/(-9). Let y be 2 - g - 0/(-2). List the prime factors of (-6)/9 - (-46)/y.
7
Suppose 0*a - 4*a + 12 = 0. Suppose 8 = -c + a*c. List the prime factors of c.
2
Let w(z) = -z**3 - 4*z**2 + 11*z + 6. Let l be w(-5). Let v = 17 - 30. Let k = v - l. What are the prime factors of k?
11
Suppose -10 - 10 = -4*a. Let v = a - -6. What are the prime factors of v?
11
Let l = 42 + -16. Suppose l = s + 8. Let y = s + -6. What are the prime factors of y?
2, 3
List the prime factors of 7 - 9 - (0 - 9).
7
Let z(b) = b**3 - b. Let f be z(0). Let d be (f + (-9)/4)*4. Let c = 15 + d. What are the prime factors of c?
2, 3
What are the prime factors of (-99)/(-18) - 3/2?
2
Let f = 24 + -8. Let m = f - 1. List the prime factors of m.
3, 5
Let y be (78/(-65))/((-6)/40). Suppose 3*b = -3, -2*b = 2*h - 0 - y. List the prime factors of h.
5
Let f = -18 + 35. Suppose 23 = 5*z - f. Let i = 14 - z. List the prime factors of i.
2, 3
Let x = 319 + -143. List the prime factors of x.
2, 11
Let x = 97 + -58. What are the prime factors of x?
3, 13
Let y(j) = 11*j + 17. Let b(f) = -f. Let s(p) = -3*b(p) - y(p). List the prime factors of s(-6).
31
Let l(o) = -o**2 - 6*o + 1. Let h be l(-5). Let c(p) = 3*p - 3. What are the prime factors of c(h)?
3, 5
Suppose -4*a = -n - 0*n + 46, -2*a = -4. List the prime factors of n.
2, 3
What are the prime factors of 2/(12/683) + (-57)/(-342)?
2, 3, 19
Suppose 0*b + 4*b = -4. Let y be (b - -3)/(0 + 1). Suppose -8 = -y*m + 3*c, 42 = 5*m - 2*c - 0*c. List the prime factors of m.
2, 5
Let k be (-3)/(-5) - (-329)/35. Suppose k = -4*q + 5*q. What are the prime factors of q?
2, 5
Let i(l) = -l**3 + 9*l**2 + l - 5. What are the prime factors of i(9)?
2
Suppose -2 - 9 = -o. Let u = o + -6. Suppose 0 = -u*l - 5 - 0, 3*l = -4*w + 45. What are the prime factors of w?
2, 3
Let n = 21 + -12. Let f = 11 + 10. Let s = f - n. What are the prime factors of s?
2, 3
Let r = 24 - 7. Let s = -1 + r. List the prime factors of s.
2
Let p be 386/8 - 33/(-44). Suppose 11 + p = 5*r. What are the prime factors of r?
2, 3
Let v(m) = -m + 24*m**2 - 19*m**2 + 39*m**2 + 1. Let u be v(1). List the prime factors of ((-2)/(-4))/(2/u).
11
Let o = -9 - -64. What are the prime factors of o?
5, 11
Suppose 0*k = -3*k + 231. List the prime factors of k.
7, 11
What are the prime factors of (-1 - 0)*(-130 - 4 - -3)?
131
Let f(t) = -t**2 + 8*t + 5. Let o be f(5). Suppose -18 = -4*j + 2*g, -2*g + o = 3*j + 3*g. List the prime factors of j.
5
Let s(w) = 10*w + 1. List the prime factors of s(3).
31
Let v(j) = j**2 + 4*j + 2. Let t = 2 + -7. List the prime factors of v(t).
7
Suppose -4*m = -10 - 6. Suppose -m = -o + 4. List the prime factors of o.
2
Let k be (3/(-1) - -2) + 33. Suppose 4 + k = 2*c. What are the prime factors of c?
2, 3
Suppose -f + 3 = -3. Suppose 2*v = -v + 5*g + 25, 2*g + 4 = 0. Suppose v*b + 4*h + h = 15, 0 = 2*b + 5*h - f. What are the prime factors of b?
3
Let o(x) be the third derivative of 7/24*x**4 + 1/2*x**3 - 1/120*x**6 + 0*x + 1/12*x**5 + 0 + 2*x**2. List the prime factors of o(6).
3
Let v(o) = -o**2 - 3*o + 3. Let i be v(-3). Suppose i*l + 9 = 6*l. Suppose -3*z + l*u + 15 = 0, -3*u + 2*u = z - 7. List the prime factors of z.
2, 3
List the prime factors of 3 + 3/(-2) + (-55)/(-2).
29
Let s = -15 - -11. Let p = 0 - s. What are the prime factors of p?
2
Let k(t) be the third derivative of -t**6/120 + 7*t**5/60 + 7*t**4/24 + 11*t**3/6 + t**2. Let z be k(8). Suppose 2*f + z = 15. What are the prime factors of f?
2, 3
Let m(q) = 23*q - 47. List the prime factors of m(8).
137
Let p = -1 + 7. Let i(n) = -n + 12. List the prime factors of i(p).
2, 3
Let n be (-6)/(-4) - (-4)/8. Suppose -2 = -n*p, 4 = 5*o - 3*p - 8. List the prime factors of 2*8 + -3 + o.
2
Let t = -8 + 12. What are the prime factors of (-31)/(-4 + t + -1)?
31
Let z(r) = r**2 - 1. Suppose -n - 19 = -4*g, 4*n + 17 = 2*g + n. What are the prime factors of z(g)?
3, 5
Let m(x) = -3*x + 3. Let r be m(7). List the prime factors of 4/(-18) + (-94)/r.
5
Suppose -2*i = 21 + 5. Let x = -4 - i. What are the prime factors of x?
3
Suppose 2*w - 5*w + 36 = 0. List the prime factors of w/8*8/2.
2, 3
Suppose 6*s - 10*s + 268 = 0. What are the prime factors of s?
67
Suppose 0 = -0*x - x. Let s(r) = -10*r - 4. Let f be s(-4). Suppose x = -4*y + y + f. List the prime factors of y.
2, 3
Let s(q) be the third derivative of 0*q**5 + 0*q**4 - 2*q**2 + 0 + 0*q**3 + 0*q + 3/40*q**6. List the prime factors of s(1).
3
Let l be (1 - 4)/((-3)/(-46)). List the prime factors of (l/(-4))/((-6)/(-12)).
23
Let s(p) = 3*p + 6. What are the prime factors of s(4)?
2, 3
Let k(f) = 2*f - 21. Let h(g) = g - 10. Let o(p) = 13*h(p) - 6*k(p). What are the prime factors of o(13)?
3
Let p = 60 - 15. What are the prime factors of p?
3, 5
Suppose 0 = 2*o - 7*o - 35. Let p = -1 - o. What are the prime factors o